hat is -7f7 (base 16) in base 11?
-1594
1004011 (base 5) to base 11
11135
291 (base 10) to base 9
353
3058 (base 10) to base 7
11626
Convert 11101232 (base 4) to base 14.
7c3c
What is -11073 (base 11) in base 4?
-3322310
6d (base 16) to base 15
74
Convert 670a (base 15) to base 2.
101010101001011
610 (base 8) to base 14
200
600 (base 8) to base 15
1a9
What is -222020 (base 3) in base 14?
-388
28088 (base 9) to base 4
10221122
-3341 (base 8) to base 12
-1029
-106611 (base 9) to base 16
-f9af
What is -113131 (base 5) in base 4?
-1001012
What is 10235 (base 7) in base 13?
11c3
-233321 (base 4) to base 9
-4175
Convert 20313 (base 4) to base 10.
567
Convert 5981 (base 16) to base 14.
84c9
What is 2791 (base 11) in base 14?
145b
Convert -110100011 (base 3) to base 7.
-35140
What is -11110011 (base 2) in base 9?
-300
142 (base 13) to base 11
193
What is 261 (base 8) in base 15?
bc
What is 1084 (base 13) in base 7?
6502
-1502 (base 7) to base 12
-412
Convert 440 (base 10) to base 8.
670
10001010001010 (base 2) to base 9
13114
Convert -1c4 (base 13) to base 2.
-101001001
Convert 11412 (base 7) to base 6.
21353
What is 1707 (base 12) in base 4?
222313
Convert -1147 (base 16) to base 3.
-20001211
What is -1213322 (base 5) in base 12?
-11356
2044241 (base 5) to base 13
12811
1270 (base 8) to base 6
3120
What is -1261 (base 7) in base 3?
-122221
What is -1112 (base 6) in base 14?
-148
What is 53482 (base 9) in base 10?
35390
Convert 7cd (base 14) to base 13.
926
-1222 (base 8) to base 10
-658
-b05 (base 13) to base 15
-844
Convert 66995 (base 10) to base 7.
366215
-424344 (base 5) to base 15
-43b9
2240 (base 7) to base 16
32c
Convert -959 (base 10) to base 5.
-12314
Convert -12111 (base 10) to base 16.
-2f4f
What is 23144 (base 7) in base 12?
3508
What is -21839 (base 12) in base 2?
-1010110101101101
1320320 (base 4) to base 9
11545
-1111 (base 7) to base 12
-294
What is 16767 (base 9) in base 14?
42dd
What is -8a9 (base 15) in base 9?
-2616
What is -41446 (base 7) in base 2?
-10011111000001
7147 (base 9) to base 3
21011121
What is 13402 (base 7) in base 8?
7054
What is 14231 (base 7) in base 11?
2a1a
What is -10100101 (base 3) in base 12?
-14b4
What is 545 (base 14) in base 4?
100101
Convert -12d04 (base 16) to base 6.
-1352432
What is -1b8d (base 15) in base 3?
-22012121
-13205 (base 7) to base 11
-2722
Convert 21862 (base 9) to base 10.
14555
What is 10400 (base 5) in base 4?
23111
What is 10101110011 (base 2) in base 14?
719
Convert -100111010111 (base 2) to base 10.
-2519
-dcb4 (base 16) to base 7
-323503
Convert 4638 (base 11) to base 4.
1133023
Convert -1204 (base 8) to base 3.
-212212
Convert 111222 (base 3) to base 7.
1046
Convert -1021011 (base 3) to base 8.
-1632
Convert 737 (base 16) to base 2.
11100110111
What is -106386 (base 9) in base 10?
-63744
-11203 (base 5) to base 8
-1443
What is 12031 (base 4) in base 3?
112201
Convert b3 (base 16) to base 2.
10110011
-373 (base 16) to base 10
-883
Convert -1816 (base 9) to base 2.
-10101110000
Convert -2014 (base 8) to base 11.
-862
What is -18a8 (base 13) in base 10?
-3687
What is f3 (base 16) in base 14?
135
What is -3344241 (base 5) in base 3?
-10000101002
What is -448 (base 15) in base 2?
-1111001000
What is 4766 (base 9) in base 8?
6727
Convert 1110 (base 6) to base 8.
402
What is 21183 (base 10) in base 6?
242023
What is 739 (base 11) in base 6?
4041
Convert -1345a (base 12) to base 16.
-67c6
Convert -aa7 (base 11) to base 15.
-5d7
Convert 6324 (base 8) to base 6.
23112
Convert 32cc (base 14) to base 7.
34445
-43579 (base 10) to base 15
-cda4
What is -48255 (base 9) in base 2?
-111111000100000
-7611 (base 10) to base 7
-31122
Convert -12269 (base 10) to base 6.
-132445
-122342 (base 6) to base 10
-10934
45635 (base 7) to base 11
8821
What is 101101000110010 (base 2) in base 14?
85b4
-22112100 (base 3) to base 12
-3723
Convert -513c (base 14) to base 12.
-8102
1639 (base 12) to base 5
41022
-35347 (base 9) to base 2
-101110000111110
What is -939 (base 13) in base 12?
-aa9
Convert 10111000 (base 2) to base 14.
d2
Convert 2110211 (base 4) to base 11.
7165
11664 (base 13) to base 11
21a29
Convert 10111111000 (base 2) to base 7.
4312
Convert -45114 (base 7) to base 8.
-26163
10011111100 (base 2) to base 9
1667
What is 1011011101 (base 2) in base 10?
733
1020020 (base 3) to base 10
897
What is -5460 (base 7) in base 12?
-1169
What is -10210010210 (base 3) in base 15?
-170e0
Convert -72 (base 9) to base 2.
-1000001
Convert a52 (base 13) to base 12.
1025
Convert -1011002 (base 3) to base 7.
-2306
56b3 (base 13) to base 12
7041
Convert 37a89 (base 11) to base 8.
152423
Convert -f27 (base 16) to base 5.
-111004
What is 220 (base 5) in base 15?
40
605 (base 7) to base 14
175
What is -232013 (base 4) in base 9?
-4038
213 (base 11) to base 14
144
31212222 (base 4) to base 5
3240342
Convert 1550 (base 15) to base 2.
1000111011111
ccb (base 15) to base 14
10a7
Convert -114344 (base 5) to base 2.
-1000011111101
What is -81 (base 14) in base 12?
-95
What is -a67 (base 13) in base 14?
-90b
Convert 10110010 (base 2) to base 5.
1203
What is -785 (base 12) in base 16?
-455
Convert -12002122 (base 4) to base 9.
-36827
Convert -1100412 (base 5) to base 6.
-223145
Convert -22131 (base 4) to base 14.
-35b
Convert -30041 (base 7) to base 13.
-33a4
Convert 33513 (base 6) to base 7.
16530
What is a58 (base 13) in base 14?
8dd
Convert 45 (base 8) to base 12.
31
1850 (base 10) to base 5
24400
-16a7 (base 16) to base 8
-13247
Convert -100143 (base 5) to base 16.
-c65
Convert -3998 (base 14) to base 9.
-14805
Convert 16735 (base 12) to base 4.
13312121
5122 (base 7) to base 12
1044
Convert -945 (base 13) to base 14.
-80a
What is -602 (base 14) in base 8?
-2232
Convert 116137 (base 8) to base 7.
224465
Convert -324 (base 16) to base 9.
-1083
-443 (base 7) to base 14
-123
-982 (base 11) to base 10
-1179
Convert -2240 (base 8) to base 7.
-3311
What is 1010012 (base 3) in base 8?
1457
-525 (base 7) to base 8
-410
What is 18a79 (base 11) in base 6?
323025
c294 (base 13) to base 4
12203013
-5374 (base 15) to base 16
-44fb
What is -1002 (base 14) in base 6?
-20414
Convert -8042 (base 11) to base 12.
-6232
What is -b3 (base 13) in base 16?
-92
21030002 (base 4) to base 13
1418c
Convert 28d1 (base 15) to base 2.
10001000101010
-a3b (base 14) to base 11
-1570
What is 268b (base 12) in base 7?
15623
What is 3877 (base 10) in base 9?
5277
2111110 (base 3) to base 4
130131
-212103 (base 5) to base 15
-21bd
Convert -40cb (base 15) to base 2.
-11010101111011
Convert 669 (base 12) to base 15.
430
What is 604 (base 10) in base 7?
1522
What is -263122 (base 7) in base 16?
-bfda
What is 4258 (base 10) in base 9?
5751
1471 (base 9) to base 11
926
What is 183a (base 13) in base 2?
111000001110
502b (base 13) to base 3
120010020
Convert -46542 (base 8) to base 6.
-231414
Convert -2603 (base 8) to base 6.
-10311
-103431 (base 5) to base 3
-11221221
-392 (base 12) to base 9
-662
Convert -1616 (base 8) to base 11.
-758
Convert 1414 (base 8) to base 5.
11110
What is -15201 (base 7) in base 2?
-1000001110111
-32457 (base 8) to base 13
-6274
Convert 28339 (base 11) to base 12.
1b413
102012 (base 4) to base 15
523
What is dc (base 15) in base 12?
153
Convert 111110011 (base 2) to base 8.
763
112214 (base 6) to base 7
36643
Convert -366d (base 16) to base 14.
-5113
What is 1800 (base 11) in base 7?
6463
-620a (base 15) to base 12
-bb9a
Convert 1103c (base 15) to base 8.
151451
Convert 231 (base 6) to base 3.
10101
Convert 1210330 (base 4) to base 7.
24556
What is 1031212 (base 4) in base 14?
1b4a
Convert 11213 (base 5) to base 2.
1100101000
What is 2681 (base 9) in base 5?
31032
Convert 152 (base 11) to base 8.
262
What is 915 (base 16) in base 4?
210111
What is 565 (base 8) in base 10?
373
1c1 (base 15) to base 7
1120
What is 10001011001001 (base 2) in base 13?
4090
Convert -2832 (base 15) to base 10.
-8597
What is 58 (base 14) in base 15?
53
1155 (base 7) to base 3
121000
What is -574 (base 13) in base 15?
-42a
What is -3064 (base 8) in base 13?
-952
What is 360 (base 11) in base 3?
120220
What is 4543 (base 12) in base 5?
221213
What is 1804 (base 9) in base 13?
823
What is -31c (base 15) in base 11?
-589
What is -40c (base 14) in base 6?
-3404
b7